{"id":236,"date":"2017-11-16T08:57:03","date_gmt":"2017-11-16T07:57:03","guid":{"rendered":"https:\/\/www.camping-sainte-madeleine.com\/?page_id=236"},"modified":"2025-11-01T15:39:39","modified_gmt":"2025-11-01T14:39:39","slug":"tarifs-maisonnette","status":"publish","type":"page","link":"https:\/\/www.camping-sainte-madeleine.com\/fr\/tarifs-maisonnette\/","title":{"rendered":"Tarifs Maisonnette"},"content":{"rendered":"<h3 style=\"text-align: center;\"><strong>Ouvert du 15 avril au 30 septembre<\/strong><\/h3>\n<h3 style=\"text-align: center;\"><strong><u>Les r\u00e9servations pour l&rsquo;ann\u00e9e prochaine d\u00e9butent en janvier 2026<\/u><\/strong><\/h3>\n<div>\n<p><strong><u>IMPORTANT<\/u><\/strong> <strong> &gt;&gt;&gt; Pour toute r\u00e9servation par courrier, il est imp\u00e9ratif de nous consulter pr\u00e9alablement \u00e0 fin de vous assurer qu&rsquo;une location est disponible. Nous insistons sur le fait que l&rsquo;envoi de documents ne constitue aucunement une r\u00e9servation ferme et d\u00e9finitive.\u00a0<\/strong><\/p>\n<p><strong>Quelque soit la dur\u00e9e du s\u00e9jour, un ch\u00e8que de caution de 100 euros pour le m\u00e9nage vous sera demand\u00e9 et restitu\u00e9 le jour du d\u00e9part suivant l&rsquo;\u00e9tat des lieux et apr\u00e8s v\u00e9rification compl\u00e8te de la propret\u00e9 du chalet (si le client ne peut \u00eatre pr\u00e9sent, sa caution lui sera renvoy\u00e9e par courrier ou par virement bancaire en cas de payement en esp\u00e8ces). <\/strong><\/p>\n<p><strong>Modes de r\u00e8glement accept\u00e9s sur place : Esp\u00e8ces, Ch\u00e8ques (\u00e0 l&rsquo;ordre de Domaine Sainte Madeleine) , Ch\u00e8ques Vacances ANCV. Les bons CAF ne sont pas accept\u00e9s comme paiement.<\/strong><\/p>\n<\/div>\n<p style=\"text-align: center;\"><strong><u>Nous ne pouvons accueillir les chiens dans notre maisonnette, merci de votre compr\u00e9hension.<\/u><\/strong><\/p>\n<h3 style=\"text-align: center;\"><strong><u>TARIFS MAISONNETTE 2026 A LA SEMAINE<\/u><\/strong><\/h3>\n<div align=\"center\">\n<table class=\"tarif\" border=\"1\" width=\"756\" cellspacing=\"0\" cellpadding=\"4\">\n<tbody>\n<tr>\n<td height=\"50\"><strong>DATES<\/strong><\/td>\n<td><\/td>\n<\/tr>\n<tr>\n<td height=\"50\"><strong>\u00a015 avril &#8211; 20 juin<\/strong><\/td>\n<td style=\"text-align: center;\"><strong>525 \u20ac<\/strong><\/td>\n<\/tr>\n<tr>\n<td height=\"50\"><strong>\u00a020 juin &#8211; 5 juillet<\/strong><\/td>\n<td style=\"text-align: center;\"><strong>630 \u20ac<br \/>\n<\/strong><\/td>\n<\/tr>\n<tr>\n<td height=\"50\"><strong>\u00a05 juillet &#8211; 20 ao\u00fbt (haute saison)<\/strong><\/td>\n<td style=\"text-align: center;\"><strong>780 \u20ac<br \/>\n<\/strong><\/td>\n<\/tr>\n<tr>\n<td height=\"50\"><strong>\u00a020 ao\u00fbt &#8211; 5 septembre<\/strong><\/td>\n<td style=\"text-align: center;\"><strong>630 \u20ac<br \/>\n<\/strong><\/td>\n<\/tr>\n<tr>\n<td height=\"50\"><strong>\u00a05 septembre &#8211; 30 septembre<\/strong><\/td>\n<td style=\"text-align: center;\"><strong>525 \u20ac<br \/>\n<\/strong><\/td>\n<\/tr>\n<tr>\n<td colspan=\"2\" height=\"50\"><strong>Taxe de s\u00e9jour par jour et par personne + 18 ans 0.67 \u20ac<br \/>\n<\/strong><\/td>\n<\/tr>\n<\/tbody>\n<\/table>\n<\/div>\n","protected":false},"excerpt":{"rendered":"<p>Ouvert du 15 avril au 30 septembre Les r\u00e9servations pour l&rsquo;ann\u00e9e prochaine d\u00e9butent en janvier 2026 IMPORTANT &gt;&gt;&gt; Pour toute r\u00e9servation par courrier, il est imp\u00e9ratif de nous consulter pr\u00e9alablement \u00e0 fin de vous assurer qu&rsquo;une location est disponible. Nous insistons sur le fait que l&rsquo;envoi de documents ne constitue aucunement une r\u00e9servation ferme et [&hellip;]<\/p>\n","protected":false},"author":1,"featured_media":0,"parent":0,"menu_order":0,"comment_status":"closed","ping_status":"closed","template":"page-with-sidebar.php","meta":{"footnotes":""},"class_list":["post-236","page","type-page","status-publish","hentry"],"_links":{"self":[{"href":"https:\/\/www.camping-sainte-madeleine.com\/fr\/wp-json\/wp\/v2\/pages\/236","targetHints":{"allow":["GET"]}}],"collection":[{"href":"https:\/\/www.camping-sainte-madeleine.com\/fr\/wp-json\/wp\/v2\/pages"}],"about":[{"href":"https:\/\/www.camping-sainte-madeleine.com\/fr\/wp-json\/wp\/v2\/types\/page"}],"author":[{"embeddable":true,"href":"https:\/\/www.camping-sainte-madeleine.com\/fr\/wp-json\/wp\/v2\/users\/1"}],"replies":[{"embeddable":true,"href":"https:\/\/www.camping-sainte-madeleine.com\/fr\/wp-json\/wp\/v2\/comments?post=236"}],"version-history":[{"count":35,"href":"https:\/\/www.camping-sainte-madeleine.com\/fr\/wp-json\/wp\/v2\/pages\/236\/revisions"}],"predecessor-version":[{"id":36388,"href":"https:\/\/www.camping-sainte-madeleine.com\/fr\/wp-json\/wp\/v2\/pages\/236\/revisions\/36388"}],"wp:attachment":[{"href":"https:\/\/www.camping-sainte-madeleine.com\/fr\/wp-json\/wp\/v2\/media?parent=236"}],"curies":[{"name":"wp","href":"https:\/\/api.w.org\/{rel}","templated":true}]}}

<h3 style="text-align: center;"><strong>Ouvert du 15 avril au 30 septembre</strong></h3>
<h3 style="text-align: center;"><strong><u>Les réservations pour l&rsquo;année prochaine débutent en janvier 2026</u></strong></h3>
<div>
<p><strong><u>IMPORTANT</u></strong> <strong> &gt;&gt;&gt; Pour toute réservation par courrier, il est impératif de nous consulter préalablement à fin de vous assurer qu&rsquo;une location est disponible. Nous insistons sur le fait que l&rsquo;envoi de documents ne constitue aucunement une réservation ferme et définitive. </strong></p>
<p><strong>Quelque soit la durée du séjour, un chèque de caution de 100 euros pour le ménage vous sera demandé et restitué le jour du départ suivant l&rsquo;état des lieux et après vérification complète de la propreté du chalet (si le client ne peut être présent, sa caution lui sera renvoyée par courrier ou par virement bancaire en cas de payement en espèces). </strong></p>
<p><strong>Modes de règlement acceptés sur place : Espèces, Chèques (à l&rsquo;ordre de Domaine Sainte Madeleine) , Chèques Vacances ANCV. Les bons CAF ne sont pas acceptés comme paiement.</strong></p>
</div>
<p style="text-align: center;"><strong><u>Nous ne pouvons accueillir les chiens dans notre maisonnette, merci de votre compréhension.</u></strong></p>
<h3 style="text-align: center;"><strong><u>TARIFS MAISONNETTE 2026 A LA SEMAINE</u></strong></h3>
<div align="center">
<table class="tarif" border="1" width="756" cellspacing="0" cellpadding="4">
<tbody>
<tr>
<td height="50"><strong>DATES</strong></td>
<td></td>
</tr>
<tr>
<td height="50"><strong> 15 avril &#8211; 20 juin</strong></td>
<td style="text-align: center;"><strong>525 €</strong></td>
</tr>
<tr>
<td height="50"><strong> 20 juin &#8211; 5 juillet</strong></td>
<td style="text-align: center;"><strong>630 €<br />
</strong></td>
</tr>
<tr>
<td height="50"><strong> 5 juillet &#8211; 20 août (haute saison)</strong></td>
<td style="text-align: center;"><strong>780 €<br />
</strong></td>
</tr>
<tr>
<td height="50"><strong> 20 août &#8211; 5 septembre</strong></td>
<td style="text-align: center;"><strong>630 €<br />
</strong></td>
</tr>
<tr>
<td height="50"><strong> 5 septembre &#8211; 30 septembre</strong></td>
<td style="text-align: center;"><strong>525 €<br />
</strong></td>
</tr>
<tr>
<td colspan="2" height="50"><strong>Taxe de séjour par jour et par personne + 18 ans 0.67 €<br />
</strong></td>
</tr>
</tbody>
</table>
</div>

<p>Ouvert du 15 avril au 30 septembre Les réservations pour l&rsquo;année prochaine débutent en janvier 2026 IMPORTANT &gt;&gt;&gt; Pour toute réservation par courrier, il est impératif de nous consulter préalablement à fin de vous assurer qu&rsquo;une location est disponible. Nous insistons sur le fait que l&rsquo;envoi de documents ne constitue aucunement une réservation ferme et [&hellip;]</p>
